the units digit of 1152395673?
3
What is the billions digit of 2520153721?
2
What is the hundreds digit of 1152984332?
3
What is the tens digit of 4524935330?
3
What is the millions digit of 413610559?
3
What is the hundred thousands digit of 11048859?
0
What is the hundred thousands digit of 43733684?
7
What is the millions digit of 825051794?
5
What is the tens digit of 87478507?
0
What is the ten millions digit of 545157909?
4
What is the hundreds digit of 201115102?
1
What is the ten millions digit of 134422733?
3
What is the units digit of 72251247?
7
What is the ten millions digit of 388199591?
8
What is the ten thousands digit of 2269001320?
0
What is the thousands digit of 406073987?
3
What is the hundred millions digit of 1042293768?
0
What is the ten millions digit of 158376704?
5
What is the ten millions digit of 2505288155?
0
What is the hundred millions digit of 885100757?
8
What is the ten thousands digit of 43111496?
1
What is the tens digit of 60433437?
3
What is the units digit of 798049052?
2
What is the hundred thousands digit of 323222692?
2
What is the thousands digit of 53886013?
6
What is the tens digit of 474911881?
8
What is the hundreds digit of 154233222?
2
What is the thousands digit of 2498091672?
1
What is the hundreds digit of 15375773?
7
What is the ten thousands digit of 262248950?
4
What is the tens digit of 149575492?
9
What is the ten millions digit of 218339681?
1
What is the units digit of 97647351?
1
What is the ten thousands digit of 755793215?
9
What is the hundred millions digit of 290773265?
2
What is the thousands digit of 698910495?
0
What is the hundreds digit of 5070247506?
5
What is the ten thousands digit of 734715048?
1
What is the millions digit of 221908246?
1
What is the ten thousands digit of 1588181859?
8
What is the thousands digit of 105892804?
2
What is the ten millions digit of 33686607?
3
What is the hundred thousands digit of 375073897?
0
What is the ten millions digit of 3640723483?
4
What is the hundred millions digit of 183033942?
1
What is the hundred thousands digit of 2519808635?
8
What is the tens digit of 134103563?
6
What is the hundreds digit of 72694495?
4
What is the thousands digit of 212281421?
1
What is the tens digit of 307842532?
3
What is the ten thousands digit of 142614944?
1
What is the millions digit of 72796830?
2
What is the units digit of 33582873?
3
What is the ten millions digit of 7546968199?
4
What is the units digit of 1640858948?
8
What is the millions digit of 3038836501?
8
What is the ten thousands digit of 198851962?
5
What is the thousands digit of 166612363?
2
What is the millions digit of 104746433?
4
What is the ten thousands digit of 25205975?
0
What is the hundred thousands digit of 19313016?
3
What is the ten millions digit of 37666576?
3
What is the hundreds digit of 34998237?
2
What is the ten thousands digit of 622008567?
0
What is the millions digit of 68533011?
8
What is the hundred thousands digit of 175540180?
5
What is the hundred millions digit of 4509272922?
5
What is the thousands digit of 3494112200?
2
What is the tens digit of 124149600?
0
What is the ten millions digit of 127807406?
2
What is the thousands digit of 180779584?
9
What is the ten thousands digit of 789322547?
2
What is the millions digit of 49719933?
9
What is the ten thousands digit of 16616331?
1
What is the tens digit of 1856721?
2
What is the millions digit of 2715040?
2
What is the millions digit of 7600899?
7
What is the millions digit of 22569337?
2
What is the ten thousands digit of 463423287?
2
What is the ten millions digit of 647986771?
4
What is the units digit of 612857841?
1
What is the ten thousands digit of 3494923565?
2
What is the millions digit of 1940389361?
0
What is the thousands digit of 1326284718?
4
What is the ten thousands digit of 2609097040?
9
What is the tens digit of 972204148?
4
What is the ten thousands digit of 785146610?
4
What is the tens digit of 36276559?
5
What is the tens digit of 52912661?
6
What is the hundred thousands digit of 778554501?
5
What is the hundreds digit of 87929832?
8
What is the hundreds digit of 54379152?
1
What is the hundred millions digit of 457383569?
4
What is the units digit of 56082920?
0
What is the thousands digit of 2703254002?
4
What is the ten thousands digit of 120043135?
4
What is the tens digit of 4385027795?
9
What is the tens digit of 150616862?
6
What is the hundred thousands digit of 2901086490?
0
What is the ten thousands digit of 20021971?
2
What is the hundreds digit of 722055100?
1
What is the thousands digit of 167205722?
5
What is the units digit of 1344045262?
2
What is the ten millions digit of 297100701?
9
What is the ten thousands digit of 591930588?
3
What is the ten thousands digit of 5322970?
2
What is the hundreds digit of 3308903?
9
What is the millions digit of 1869088622?
9
What is the thousands digit of 34325176?
5
What is the hundred thousands digit of 249624579?
6
What is the millions digit of 31134024?
1
What is the hundred thousands digit of 274414427?
4
What is the tens digit of 848637241?
4
What is the thousands digit of 206180969?
0
What is the hundred thousands digit of 51730812?
7
What is the millions digit of 158844232?
8
What is the hundreds digit of 332707516?
5
What is the hundreds digit of 13174156?
1
What is the millions digit of 663424917?
3
What is the ten thousands digit of 424550967?
5
What is the hundred thousands digit of 800794762?
7
What is the tens digit of 1913773889?
8
What is the hundred millions digit of 1781904909?
7
What is the billions digit of 2314769614?
2
What is the units digit of 61027878?
8
What is the hundred thousands digit of 823062927?
0
What is the units digit of 46648092?
2
What is the hundreds digit of 18970919?
9
What is the thousands digit of 816892066?
2
What is the ten thousands digit of 196363579?
6
What is the ten thousands digit of 77082587?
8
What is the hundred millions digit of 2015092764?
0
What is the ten millions digit of 5577529029?
7
What is the ten millions digit of 1703237796?
0
What is the ten thousands digit of 310516018?
1
What is the hundred thousands digit of 138624218?
6
What is the thousands digit of 481748648?
8
What is the ten millions digit of 99408343?
9
What is the ten thousands digit of 3857353929?
5
What is the units digit of 238651460?
0
What is the ten thousands digit of 768506215?
0
What is the ten millions digit of 624974255?
2
What is the units digit of 50486441?
1
What is the ten thousands digit of 27559195?
5
What is the thousands digit of 2602946360?
6
What is the millions digit of 1021546053?
1
What is the hundreds digit of 104198804?
8
What is the hundred thousands digit of 395033555?
0
What is the ten millions digit of 624395774?
2
What is the tens digit of 138976099?
9
What is the units digit of 1742072?
2
What is the ten thousands digit of 945925066?
2
What is the millions digit of 75996351?
5
What is the thousands digit of 222910378?
0
What is the thousands digit of 4382938571?
8
What is the hundreds digit of 190305674?
6
What is the units digit of 893402281?
1
What is the tens digit of 135028390?
9
What is the ten millions digit of 3140396411?
4
What is the hundreds digit of 350844028?
0
What is the units digit of 2351525725?
5
What is the thousands digit of 44352613?
2
What is the hundred millions digit of 216629083?
2
What is the hundred millions digit of 597076209?
5
What is the hundreds digit of 7533895822?
8
What is the hundreds digit of 2430144187?
1
What is the hundreds digit of 148920818?
8
What is the tens digit of 294937586?
8
What is the hundreds digit of 1216546173?
1
What is the tens digit of 29656389?
8
What is the ten thousands digit of 1809340684?
4
What is the thousands digit of 221775502?
5
What is the millions digit of 68599886?
8
What is the hundred thousands digit of 4079221429?
2
What is the units digit of 128615595?
5
What is the thousands digit of 310723028?
3
What is the ten millions digit of 92031200?
9
What is the tens digit of 11853335?
3
What is the units digit of 3575863845?
5
What is the millions digit of 200425752?
0
What is the tens digit of 1707203296?
9
What is the hundred millions digit of 4090253632?
0
What is the ten millions digit of 680873